{"id":3304,"date":"2025-07-28T14:59:26","date_gmt":"2025-07-28T18:59:26","guid":{"rendered":"https:\/\/cah.ucf.edu\/spotlight\/?page_id=3304"},"modified":"2025-08-05T14:50:33","modified_gmt":"2025-08-05T18:50:33","slug":"languages-2025","status":"publish","type":"page","link":"https:\/\/cah.ucf.edu\/spotlight\/languages-2025\/","title":{"rendered":"2024-25 &#8211; Languages"},"content":{"rendered":"\t\t\t<div class=\"jumbotron text-center bg-inverse mb-0 p-0\"\n\t\t\t\t\t\t\t\t\t>\n\t\t\t\t\n<img loading=\"lazy\" decoding=\"async\" width=\"2000\" height=\"500\" class=\"aligncenter wp-image-3787 img-fluid\" style=\"max-height: 500px\" src=\"https:\/\/cah.ucf.edu\/spotlight\/wp-content\/uploads\/sites\/34\/2025\/07\/2025-header-languages.jpg\" alt=\"Students in traditional Korean attire pose with faculty member\" srcset=\"https:\/\/cah.ucf.edu\/spotlight\/wp-content\/uploads\/sites\/34\/2025\/07\/2025-header-languages.jpg 2000w, https:\/\/cah.ucf.edu\/spotlight\/wp-content\/uploads\/sites\/34\/2025\/07\/2025-header-languages-300x75.jpg 300w, https:\/\/cah.ucf.edu\/spotlight\/wp-content\/uploads\/sites\/34\/2025\/07\/2025-header-languages-1024x256.jpg 1024w, https:\/\/cah.ucf.edu\/spotlight\/wp-content\/uploads\/sites\/34\/2025\/07\/2025-header-languages-768x192.jpg 768w, https:\/\/cah.ucf.edu\/spotlight\/wp-content\/uploads\/sites\/34\/2025\/07\/2025-header-languages-1536x384.jpg 1536w\" sizes=\"auto, (max-width: 2000px) 100vw, 2000px\" \/><\/p>\n\t\t\t<\/div>\n\t\t\n\t\t\t<div class=\"jumbotron jumbotron-fluid bg-metallic-lighter mb-0 pb-4\"\n\t\t\t\t\t\tstyle=\"padding-top: 2.25rem!important;background-color:#c4ad70!important;\"\t\t\t>\n\t\t\t\t\n\t\t\t<div class=\"container\"\n\t\t\t\t\t\t>\n\t\t\t\t\n\t\t\t<a class=\"btn btn-outline-secondary mb-4\"\n\t\t\thref=\"https:\/\/cah.ucf.edu\/languages\/\"\t\t\t\t\t\ttarget=\"_blank\"\t\t\tstyle=\"border-color:#fff;\"\t\t\t\t\t\t\t\t\t>\n\t\t\t\tDepartment website\t\t\t<\/a>\n\t\t\n<h2 class=\"h4 text-transform-none\">Active Students <span class=\"h6 font-weight-normal\">(as of Fall 2024)*<\/span><\/h2>\n<p>Undergrad majors: 54<br \/>\nUndergrad minors: 268<br \/>\nUndergrad certificates: 161<br \/>\nGraduate students: 28<\/p>\n<h2 class=\"h4 text-transform-none\">2024-25 Student Credit Hours: 33,639<\/h2>\n<p><small>*All active students with declared CAH programs are included in the enrollment counts.<\/small><br \/>\n\t\t\t<\/div>\n\t\t\n\t\t\t<\/div>\n\t\t\n\t\t\t<div class=\"jumbotron jumbotron-fluid bg-secondary mb-0 pt-5 pb-4\"\n\t\t\t\t\t\t\t\t\t>\n\t\t\t\t\n\t\t\t<div class=\"container\"\n\t\t\t\t\t\t>\n\t\t\t\t\n<p>As the Department of Modern Languages and Literatures (MLL) looks back over the 2024-25 academic year, we are struck by the variety and dynamism of the activities and accomplishments. A unifying theme is our mission to prepare our students to be informed, confident, culturally aware, linguistically versatile global citizens with the skills to contribute in a wide variety of capacities. The MLL faculty\u2019s unwavering dedication to teaching, research and service \u2014 with an eye toward innovation and an interest in technological advancements in education \u2014 was critical to advancing that mission. What follows is a sampling of departmental highlights for the&nbsp;year.<\/p>\n<div class=\"float-right alignright text-center ml-2\" style=\"width: 35vw; max-width: 270px;\"><img decoding=\"async\" class=\"img-fluid wp-image-2265\" src=\"https:\/\/cah.ucf.edu\/spotlight\/wp-content\/uploads\/sites\/34\/2025\/08\/2025-inset-languages-russian_tea.jpg\" alt=\"Students with Russian professor Alla Kourova using ornate tea jar\" \/><\/p>\n<p class=\"small mt-3\">Professor Alla Kourova leads Russian Tea&nbsp;Hour<\/p>\n<\/div>\n<p>This year, we welcomed six new faculty members teaching Spanish, French, Japanese and Korean, and celebrated the promotion of one faculty member to Associate Instructor. Our faculty were recognized by a number of UCF awards, including three Research Incentive Awards, a Teaching Incentive Award and two College of Arts and Humanities Excellence in Teaching awards. Two members of the MLL administrative team were honored for 25 and 35 years of dedicated service. A notable external grant went to <a href=\"https:\/\/fulbrightscholars.org\/grantee\/christina-torres\">Christina Torres<\/a>, who received a prestigious Fulbright Early Career\/Post-Doctoral Scholar Award that allowed her to spend the year on a research project in Spain. While there, she focused on telecollaborative language teacher training, cultivating international collaboration in the process. MLL faculty were also engaged in new and ongoing grant activity funded by over $3.1 million from entities including the U.S. Department of Education and Florida Humanities. Special recognition goes to Alla Kourova\u2019s <a href=\"https:\/\/cah.ucf.edu\/languages\/startalk\/\">STARTALK Russian program<\/a>, culminating ten years of support from the National Security Agency. This year, the program included a residential summer immersion that continued as online learning for the year, welcoming students from fifteen states in an intensive exploration of Russian language and&nbsp;culture.<\/p>\n<p>MLL faculty were active in scholarship, publishing five books and twenty-two articles and book chapters, while presenting their work at conferences in the U.S. and abroad. MLL faculty and students also undertook compelling interdisciplinary research, which included work with students in Computer Science to create an AI-powered pronunciation tool for Spanish. Another faculty member mentored a student in the creation of a language acquisition game for Japanese. The game went on to be used in Japanese classes, and also to win an award at the annual UCF Student Scholar Symposium. MLL faculty also continued to pursue their interests in educational technologies and innovations, actively exploring the use of AI and digital tools in the classroom. Faculty produced sophisticated and accessible instructional videos, created digital immersion experiences using 360-degree camera technology, and actively pursued new knowledge through the Florida Online Innovation Summit and countless workshops on AI in&nbsp;pedagogy.<\/p>\n<p>We are gratified by our students\u2019 successes as well. Students pursued ten different languages, Teaching English to Speakers of Other Languages (TESOL), and Latin American, Caribbean and Latinx Studies. Opportunities to learn outside the classroom were also plentiful at regular gatherings such as the Caf\u00e9 Francophone, Klub Kr\u00e9ole events, Russian Tea Hours, La Mesa de Espa\u00f1ol and Bate Papo for Portuguese. Virtual exchanges connected UCF students with peers in Japan, France, Spain, Guatemala and Russia, fostering cross-cultural dialogue. Further afield, dozens of students took part in MLL\u2019s summer 2024 study abroad programs in Florence, Berlin, Paris, Azerbaijan and Barcelona. Students\u2019 dedication to language study was affirmed by awards in outside events, including seven prizes in the Mid-Florida Speech and Skit contest in Japanese, and three in the Yevgeny Yevtushenko Poetry Recital contest in Russian, among other recognitions. This year, we also renewed our collaboration with the Peace Corps to offer fellowships to Returning Peace Corps Volunteers, bringing students with real-world experience into our TESOL graduate&nbsp;program.<\/p>\n<div class=\"float-left alignleft text-center mr-3\" style=\"width: 35vw; max-width: 270px;\"><img decoding=\"async\" class=\"img-fluid wp-image-2265\" src=\"https:\/\/cah.ucf.edu\/spotlight\/wp-content\/uploads\/sites\/34\/2025\/07\/2025-inset-languages.jpg\" alt=\"Excited speaker gestures with hand\" \/><\/p>\n<p class=\"small mt-3\">Luca Vullo demonstrates Italian body&nbsp;language<\/p>\n<\/div>\n<p>A focal point for the department this year was outreach and community engagement, both locally and abroad. The department hosted vibrant public events such as the Korean Arirang Festival, a celebration of Korean culture through music and dance performances, K-Pop, fashion and a Taekwon-do demonstration, all organized in collaboration with the Orlando Korean Culture Center. Our Japanese faculty teamed with the Association of Florida Teachers of Japanese to host the Mid-Florida Speech and Skit Contest, with participants from a number of central Florida institutions. Luca Vullo, the internationally recognized \u201cAmbassador of Italian Gestures,\u201d entertained an audience at UCF Celebrates the Arts, as he taught the meaning of Italian body language in a performance sponsored by the Neil Euliano Endowed Chair in Italian Studies. We celebrated our fourth Latin American\/Latinx Film festival, a week-long, grant-funded interdepartmental collaboration that included panel discussions and guest speakers along with movie screenings. More than a dozen faculty members continued our annual tradition of \u201cLanguage Speed Dating\u201d during International Week, allowing students and the community to sample language learning in a festive way. Throughout the year, faculty and students also brought language learning into the community through free language classes held at a local library, cultural exchanges with local seniors, and a popular alumni podcast series, \u201c<a href=\"https:\/\/stars.library.ucf.edu\/futures-in-languages\/\">Futures in Languages<\/a>,\u201d which added fourteen new episodes this&nbsp;year.<\/p>\n<div class=\"float-right alignright text-center ml-2\" style=\"width: 35vw; max-width: 270px;\"><img decoding=\"async\" class=\"img-fluid wp-image-2265\" src=\"https:\/\/cah.ucf.edu\/spotlight\/wp-content\/uploads\/sites\/34\/2025\/08\/2025-inset-languages-2.jpg\" alt=\"Professor stands in front of board with students\" \/><\/p>\n<p class=\"small mt-3\">Erin Laureano instructs students during Language Speed&nbsp;Dating<\/p>\n<\/div>\n<p>One final acknowledgement will sum up much of the spirit of MLL. In Fall 2024, Kacie Tartt, Senior Instructor of Spanish, was nominated by four of her students for an Academic Success Partner of the Game award for her dedication to supporting student-athletes in their academic development. The UCF football players were in Tartt\u2019s online Spanish class, and the recognition was celebrated at a UCF home football game. What makes this so special is that Tartt, even in the virtual environment of a web-based course, was able to cultivate a community of learners, make a true connection, and bring out the best in her students. This is just one example of what the scholar\/teachers in MLL strive to do every&nbsp;day.<\/p>\n<p>In summary, 2024-25 has been another year of active engagement in the teaching, research and promotion of languages and cultures that span the globe. By integrating technology, providing real-world opportunities for linguistic and cultural exchange and highlighting the importance of these skills in today\u2019s professional world, our faculty work to enrich the student learning experience and opportunities for the future. In today\u2019s globalized market and ever more complex cultural landscape, this enterprise is more critical and more rewarding than&nbsp;ever.<\/p>\n\t\t\t<\/div>\n\t\t\n\t\t\t<\/div>\n\t\t\n\t\t\t<div class=\"container\"\n\t\t\t\t\t\t>\n\t\t\t\t\n<hr \/>\n\t\t\t<\/div>\n\t\t\n\t\t\t<div class=\"jumbotron jumbotron-fluid bg-secondary mb-0 pt-4 pb-5\"\n\t\t\t\t\t\t\t\t\t>\n\t\t\t\t\n\t\t\t<div class=\"container\"\n\t\t\t\t\t\t>\n\t\t\t\t\n<h2 class=\"display-4 letter-spacing-4 text-uppercase text-center mb-5\">Highlights<\/h2>\n\t\t\t<div class=\"row\"\n\t\t\t\t\t\t>\n\t\t\t\t\n<!-- - Card # - --><\/p>\n<div class=\"card-wrapper mb-4 col-6 col-md-4\">\n<div class=\"card card-primary border-0 h-100 appear\">\n<div><a class=\"stretched-link text-secondary\" href=\"https:\/\/www.ucf.edu\/news\/why-should-you-study-italian-in-florida\/\" target=\"_blank\" rel=\"noopener\"><img decoding=\"async\" class=\"card-img-top\" src=\"https:\/\/cah.ucf.edu\/spotlight\/wp-content\/uploads\/sites\/34\/2024\/08\/2023-card-Modern-Languages-and-Literature-Why-should-you-study-italian-in-Florida.jpg\" alt=\"Photo of Italian Flag\" \/><\/a><\/div>\n<div class=\"card-block d-flex flex-column justify-content-between p-0\"><a class=\"card-title h5 mb-1 p-3 h-100\" href=\"https:\/\/www.ucf.edu\/news\/why-should-you-study-italian-in-florida\/\" target=\"_blank\" rel=\"noopener\">Why Should You Study Italian in Florida?<\/a><\/div>\n<\/div>\n<\/div>\n<p><!-- - Card # - --><\/p>\n<div class=\"card-wrapper mb-4 col-6 col-md-4\">\n<div class=\"card card-primary border-0 h-100 appear\">\n<div><a class=\"stretched-link text-secondary\" href=\"https:\/\/cah.ucf.edu\/news\/john-euliano-honored-with-italian-knighthood-for-advancing-his-familys-legacy-at-ucf\/\" target=\"_blank\" rel=\"noopener\"><img decoding=\"async\" class=\"card-img-top\" src=\"https:\/\/cah.ucf.edu\/spotlight\/wp-content\/uploads\/sites\/34\/2025\/07\/2024-Card-MLL-John-Euliano-Honored-with-Italian-Knighthood-for-Advancing-His-Familys-Legacy-at-UCF.jpg\" alt=\"John Euliano receiving award\" \/><\/a><\/div>\n<div class=\"card-block d-flex flex-column justify-content-between p-0\"><a class=\"card-title h5 mb-1 p-3 h-100\" href=\"https:\/\/cah.ucf.edu\/news\/john-euliano-honored-with-italian-knighthood-for-advancing-his-familys-legacy-at-ucf\/\" target=\"_blank\" rel=\"noopener\">John Euliano Honored with Italian Knighthood for Advancing His Family\u2019s Legacy at UCF<\/a><\/div>\n<\/div>\n<\/div>\n<p><!-- - Card # - --><\/p>\n<div class=\"card-wrapper mb-4 col-6 col-md-4\">\n<div class=\"card card-primary border-0 h-100 appear\">\n<div><a class=\"stretched-link text-secondary\" href=\"https:\/\/cah.ucf.edu\/news\/ucf-football-players-honor-their-spanish-professor-with-award\/\" target=\"_blank\" rel=\"noopener\"><img decoding=\"async\" class=\"card-img-top\" src=\"https:\/\/cah.ucf.edu\/spotlight\/wp-content\/uploads\/sites\/34\/2025\/07\/2024-Card-MLL-UCF-Football-Players-Honor-Their-Spanish-Professor-with-Award.jpg\" alt=\"Professor Kacie Tartt\" \/><\/a><\/div>\n<div class=\"card-block d-flex flex-column justify-content-between p-0\"><a class=\"card-title h5 mb-1 p-3 h-100\" href=\"https:\/\/cah.ucf.edu\/news\/ucf-football-players-honor-their-spanish-professor-with-award\/\" target=\"_blank\" rel=\"noopener\">UCF Football Players Honor Their Spanish Professor with Award<\/a><\/div>\n<\/div>\n<\/div>\n<p><!-- - Card # - --><\/p>\n<div class=\"card-wrapper mb-4 col-6 col-md-4\">\n<div class=\"card card-primary border-0 h-100 appear\">\n<div><a class=\"stretched-link text-secondary\" href=\"https:\/\/cah.ucf.edu\/news\/ucf-hosts-annual-language-speed-dating-event-during-international-education-week\/\" target=\"_blank\" rel=\"noopener\"><img decoding=\"async\" class=\"card-img-top\" src=\"https:\/\/cah.ucf.edu\/spotlight\/wp-content\/uploads\/sites\/34\/2025\/07\/2024-Card-MLL-UCF-hosts-annual-language-speed-dating-event-during-International-Education-Week.jpg\" alt=\"Graphic illustrating Hello in different languages\" \/><\/a><\/div>\n<div class=\"card-block d-flex flex-column justify-content-between p-0\"><a class=\"card-title h5 mb-1 p-3 h-100\" href=\"https:\/\/cah.ucf.edu\/news\/ucf-hosts-annual-language-speed-dating-event-during-international-education-week\/\" target=\"_blank\" rel=\"noopener\">UCF hosts annual language speed-dating event during International Education Week<\/a><\/div>\n<\/div>\n<\/div>\n<p><!-- - Card # - --><\/p>\n<div class=\"card-wrapper mb-4 col-6 col-md-4\">\n<div class=\"card card-primary border-0 h-100 appear\">\n<div><a class=\"stretched-link text-secondary\" href=\"https:\/\/www.nicholsonstudentmedia.com\/charge_latino\/ucf-spanish-professor-revives-hispanic-literary-richness-in-florida\/article_6d9e7dae-8cf9-11ef-b93e-c7b7843cddb4.html\" target=\"_blank\" rel=\"noopener\"><img decoding=\"async\" class=\"card-img-top\" src=\"https:\/\/cah.ucf.edu\/spotlight\/wp-content\/uploads\/sites\/34\/2025\/07\/2024-Card-MLL-UCF-Spanish-professor-revives-Hispanic-literary-richness-in-Florida.jpg\" alt=\"Dr. Joy Castro, Rhi Johnson and Dr. Kenya C. Dworkin y M\u00e9ndez \" \/><\/a><\/div>\n<div class=\"card-block d-flex flex-column justify-content-between p-0\"><a class=\"card-title h5 mb-1 p-3 h-100\" href=\"https:\/\/www.nicholsonstudentmedia.com\/charge_latino\/ucf-spanish-professor-revives-hispanic-literary-richness-in-florida\/article_6d9e7dae-8cf9-11ef-b93e-c7b7843cddb4.html\" target=\"_blank\" rel=\"noopener\">UCF Spanish professor revives Hispanic literary richness in Florida<\/a><\/div>\n<\/div>\n<\/div>\n\t\t\t<\/div>\n\t\t\n\t\t\t<\/div>\n\t\t\n\t\t\t<\/div>\n\t\t\n","protected":false},"excerpt":{"rendered":"","protected":false},"author":280,"featured_media":3785,"parent":0,"menu_order":0,"comment_status":"closed","ping_status":"closed","template":"template-fullscreen.php","meta":{"_acf_changed":false,"om_disable_all_campaigns":false,"_exactmetrics_skip_tracking":false,"_exactmetrics_sitenote_active":false,"_exactmetrics_sitenote_note":"","_exactmetrics_sitenote_category":0,"footnotes":""},"categories":[],"tags":[],"class_list":["post-3304","page","type-page","status-publish","has-post-thumbnail","hentry"],"acf":[],"yoast_head":"<!-- This site is optimized with the Yoast SEO plugin v27.4 - https:\/\/yoast.com\/product\/yoast-seo-wordpress\/ -->\n<title>Spotlight 2024-25 - Languages at UCF<\/title>\n<meta name=\"description\" content=\"2024-25 year-in-review for the Department of Modern Languages &amp; Literature at the University of Central Florida in Orlando.\" \/>\n<meta name=\"robots\" content=\"noindex, follow\" \/>\n<meta property=\"og:locale\" content=\"en_US\" \/>\n<meta property=\"og:type\" content=\"article\" \/>\n<meta property=\"og:title\" content=\"Spotlight 2024-25 - Languages at UCF\" \/>\n<meta property=\"og:description\" content=\"2024-25 year-in-review for the Department of Modern Languages &amp; Literature at the University of Central Florida in Orlando.\" \/>\n<meta property=\"og:url\" content=\"https:\/\/cah.ucf.edu\/spotlight\/languages-2025\/\" \/>\n<meta property=\"og:site_name\" content=\"Spotlight\" \/>\n<meta property=\"article:modified_time\" content=\"2025-08-05T18:50:33+00:00\" \/>\n<meta property=\"og:image\" content=\"https:\/\/cah.ucf.edu\/spotlight\/wp-content\/uploads\/sites\/34\/2025\/07\/2025-feature-languages.jpg\" \/>\n\t<meta property=\"og:image:width\" content=\"1200\" \/>\n\t<meta property=\"og:image:height\" content=\"633\" \/>\n\t<meta property=\"og:image:type\" content=\"image\/jpeg\" \/>\n<meta name=\"twitter:card\" content=\"summary_large_image\" \/>\n<meta name=\"twitter:label1\" content=\"Est. reading time\" \/>\n\t<meta name=\"twitter:data1\" content=\"8 minutes\" \/>\n<script type=\"application\/ld+json\" class=\"yoast-schema-graph\">{\"@context\":\"https:\\\/\\\/schema.org\",\"@graph\":[{\"@type\":\"WebPage\",\"@id\":\"https:\\\/\\\/cah.ucf.edu\\\/spotlight\\\/languages-2025\\\/\",\"url\":\"https:\\\/\\\/cah.ucf.edu\\\/spotlight\\\/languages-2025\\\/\",\"name\":\"Spotlight 2024-25 - Languages at UCF\",\"isPartOf\":{\"@id\":\"https:\\\/\\\/cah.ucf.edu\\\/spotlight\\\/#website\"},\"primaryImageOfPage\":{\"@id\":\"https:\\\/\\\/cah.ucf.edu\\\/spotlight\\\/languages-2025\\\/#primaryimage\"},\"image\":{\"@id\":\"https:\\\/\\\/cah.ucf.edu\\\/spotlight\\\/languages-2025\\\/#primaryimage\"},\"thumbnailUrl\":\"https:\\\/\\\/cah.ucf.edu\\\/spotlight\\\/wp-content\\\/uploads\\\/sites\\\/34\\\/2025\\\/07\\\/2025-feature-languages.jpg\",\"datePublished\":\"2025-07-28T18:59:26+00:00\",\"dateModified\":\"2025-08-05T18:50:33+00:00\",\"description\":\"2024-25 year-in-review for the Department of Modern Languages & Literature at the University of Central Florida in Orlando.\",\"breadcrumb\":{\"@id\":\"https:\\\/\\\/cah.ucf.edu\\\/spotlight\\\/languages-2025\\\/#breadcrumb\"},\"inLanguage\":\"en-US\",\"potentialAction\":[{\"@type\":\"ReadAction\",\"target\":[\"https:\\\/\\\/cah.ucf.edu\\\/spotlight\\\/languages-2025\\\/\"]}]},{\"@type\":\"ImageObject\",\"inLanguage\":\"en-US\",\"@id\":\"https:\\\/\\\/cah.ucf.edu\\\/spotlight\\\/languages-2025\\\/#primaryimage\",\"url\":\"https:\\\/\\\/cah.ucf.edu\\\/spotlight\\\/wp-content\\\/uploads\\\/sites\\\/34\\\/2025\\\/07\\\/2025-feature-languages.jpg\",\"contentUrl\":\"https:\\\/\\\/cah.ucf.edu\\\/spotlight\\\/wp-content\\\/uploads\\\/sites\\\/34\\\/2025\\\/07\\\/2025-feature-languages.jpg\",\"width\":1200,\"height\":633,\"caption\":\"Students in traditional Korean attire pose with faculty member\"},{\"@type\":\"BreadcrumbList\",\"@id\":\"https:\\\/\\\/cah.ucf.edu\\\/spotlight\\\/languages-2025\\\/#breadcrumb\",\"itemListElement\":[{\"@type\":\"ListItem\",\"position\":1,\"name\":\"Home\",\"item\":\"https:\\\/\\\/cah.ucf.edu\\\/spotlight\\\/\"},{\"@type\":\"ListItem\",\"position\":2,\"name\":\"2024-25 &#8211; Languages\"}]},{\"@type\":\"WebSite\",\"@id\":\"https:\\\/\\\/cah.ucf.edu\\\/spotlight\\\/#website\",\"url\":\"https:\\\/\\\/cah.ucf.edu\\\/spotlight\\\/\",\"name\":\"Spotlight\",\"description\":\"UCF College of Arts and Humanities Year-In-Review\",\"potentialAction\":[{\"@type\":\"SearchAction\",\"target\":{\"@type\":\"EntryPoint\",\"urlTemplate\":\"https:\\\/\\\/cah.ucf.edu\\\/spotlight\\\/?s={search_term_string}\"},\"query-input\":{\"@type\":\"PropertyValueSpecification\",\"valueRequired\":true,\"valueName\":\"search_term_string\"}}],\"inLanguage\":\"en-US\"}]}<\/script>\n<!-- \/ Yoast SEO plugin. -->","yoast_head_json":{"title":"Spotlight 2024-25 - Languages at UCF","description":"2024-25 year-in-review for the Department of Modern Languages & Literature at the University of Central Florida in Orlando.","robots":{"index":"noindex","follow":"follow"},"og_locale":"en_US","og_type":"article","og_title":"Spotlight 2024-25 - Languages at UCF","og_description":"2024-25 year-in-review for the Department of Modern Languages & Literature at the University of Central Florida in Orlando.","og_url":"https:\/\/cah.ucf.edu\/spotlight\/languages-2025\/","og_site_name":"Spotlight","article_modified_time":"2025-08-05T18:50:33+00:00","og_image":[{"width":1200,"height":633,"url":"https:\/\/cah.ucf.edu\/spotlight\/wp-content\/uploads\/sites\/34\/2025\/07\/2025-feature-languages.jpg","type":"image\/jpeg"}],"twitter_card":"summary_large_image","twitter_misc":{"Est. reading time":"8 minutes"},"schema":{"@context":"https:\/\/schema.org","@graph":[{"@type":"WebPage","@id":"https:\/\/cah.ucf.edu\/spotlight\/languages-2025\/","url":"https:\/\/cah.ucf.edu\/spotlight\/languages-2025\/","name":"Spotlight 2024-25 - Languages at UCF","isPartOf":{"@id":"https:\/\/cah.ucf.edu\/spotlight\/#website"},"primaryImageOfPage":{"@id":"https:\/\/cah.ucf.edu\/spotlight\/languages-2025\/#primaryimage"},"image":{"@id":"https:\/\/cah.ucf.edu\/spotlight\/languages-2025\/#primaryimage"},"thumbnailUrl":"https:\/\/cah.ucf.edu\/spotlight\/wp-content\/uploads\/sites\/34\/2025\/07\/2025-feature-languages.jpg","datePublished":"2025-07-28T18:59:26+00:00","dateModified":"2025-08-05T18:50:33+00:00","description":"2024-25 year-in-review for the Department of Modern Languages & Literature at the University of Central Florida in Orlando.","breadcrumb":{"@id":"https:\/\/cah.ucf.edu\/spotlight\/languages-2025\/#breadcrumb"},"inLanguage":"en-US","potentialAction":[{"@type":"ReadAction","target":["https:\/\/cah.ucf.edu\/spotlight\/languages-2025\/"]}]},{"@type":"ImageObject","inLanguage":"en-US","@id":"https:\/\/cah.ucf.edu\/spotlight\/languages-2025\/#primaryimage","url":"https:\/\/cah.ucf.edu\/spotlight\/wp-content\/uploads\/sites\/34\/2025\/07\/2025-feature-languages.jpg","contentUrl":"https:\/\/cah.ucf.edu\/spotlight\/wp-content\/uploads\/sites\/34\/2025\/07\/2025-feature-languages.jpg","width":1200,"height":633,"caption":"Students in traditional Korean attire pose with faculty member"},{"@type":"BreadcrumbList","@id":"https:\/\/cah.ucf.edu\/spotlight\/languages-2025\/#breadcrumb","itemListElement":[{"@type":"ListItem","position":1,"name":"Home","item":"https:\/\/cah.ucf.edu\/spotlight\/"},{"@type":"ListItem","position":2,"name":"2024-25 &#8211; Languages"}]},{"@type":"WebSite","@id":"https:\/\/cah.ucf.edu\/spotlight\/#website","url":"https:\/\/cah.ucf.edu\/spotlight\/","name":"Spotlight","description":"UCF College of Arts and Humanities Year-In-Review","potentialAction":[{"@type":"SearchAction","target":{"@type":"EntryPoint","urlTemplate":"https:\/\/cah.ucf.edu\/spotlight\/?s={search_term_string}"},"query-input":{"@type":"PropertyValueSpecification","valueRequired":true,"valueName":"search_term_string"}}],"inLanguage":"en-US"}]}},"_links":{"self":[{"href":"https:\/\/cah.ucf.edu\/spotlight\/wp-json\/wp\/v2\/pages\/3304","targetHints":{"allow":["GET"]}}],"collection":[{"href":"https:\/\/cah.ucf.edu\/spotlight\/wp-json\/wp\/v2\/pages"}],"about":[{"href":"https:\/\/cah.ucf.edu\/spotlight\/wp-json\/wp\/v2\/types\/page"}],"author":[{"embeddable":true,"href":"https:\/\/cah.ucf.edu\/spotlight\/wp-json\/wp\/v2\/users\/280"}],"replies":[{"embeddable":true,"href":"https:\/\/cah.ucf.edu\/spotlight\/wp-json\/wp\/v2\/comments?post=3304"}],"version-history":[{"count":22,"href":"https:\/\/cah.ucf.edu\/spotlight\/wp-json\/wp\/v2\/pages\/3304\/revisions"}],"predecessor-version":[{"id":4241,"href":"https:\/\/cah.ucf.edu\/spotlight\/wp-json\/wp\/v2\/pages\/3304\/revisions\/4241"}],"wp:featuredmedia":[{"embeddable":true,"href":"https:\/\/cah.ucf.edu\/spotlight\/wp-json\/wp\/v2\/media\/3785"}],"wp:attachment":[{"href":"https:\/\/cah.ucf.edu\/spotlight\/wp-json\/wp\/v2\/media?parent=3304"}],"wp:term":[{"taxonomy":"category","embeddable":true,"href":"https:\/\/cah.ucf.edu\/spotlight\/wp-json\/wp\/v2\/categories?post=3304"},{"taxonomy":"post_tag","embeddable":true,"href":"https:\/\/cah.ucf.edu\/spotlight\/wp-json\/wp\/v2\/tags?post=3304"}],"curies":[{"name":"wp","href":"https:\/\/api.w.org\/{rel}","templated":true}]}}