{"id":103,"date":"2020-05-06T19:14:09","date_gmt":"2020-05-06T19:14:09","guid":{"rendered":"https:\/\/cahcms.smca.ucf.edu\/history-draft\/?page_id=103"},"modified":"2026-01-05T11:08:33","modified_gmt":"2026-01-05T16:08:33","slug":"home","status":"publish","type":"page","link":"https:\/\/cah.ucf.edu\/history\/","title":{"rendered":"Department of History"},"content":{"rendered":"\t\t<nav class=\"sections-menu-wrapper\" aria-label=\"Page section navigation\" style=\"min-height: 60px;\">\n\t\t\t<div class=\"navbar navbar-toggleable-md navbar-light bg-primary sections-menu\">\n\t\t\t\t<div class=\"container\">\n\t\t\t\t\t<button class=\"navbar-toggler collapsed ml-auto\" type=\"button\" data-toggle=\"collapse\" data-target=\"#sections-menu\" aria-controls=\"#sections-menu\" aria-expanded=\"false\">\n\t\t\t\t\t\t<span class=\"navbar-toggler-text\">Skip to Section<\/span>\n\t\t\t\t\t\t<span class=\"navbar-toggler-icon\" aria-hidden=\"true\"><\/span>\n\t\t\t\t\t<\/button>\n\t\t\t\t\t<div class=\"navbar-collapse collapse\" id=\"sections-menu\" data-autoselect=\"true\" data-selector=\".auto-section\">\n\t\t\t\t\t\t<ul class=\"nav navbar-nav\">\n\t\t\t\t\t\t\t\t\t\t\t\t\t<\/ul>\n\t\t\t\t\t<\/div>\n\t\t\t\t<\/div>\n\t\t\t<\/div>\n\t\t<\/nav>\n\t\n\t\t<section id=\"quicklinks\" class=\"ucf-section ucf-section-home-photo-tiles auto-section\" style=\"\" data-section-link-title=\"Quick Links\" aria-label=\"Quick Links\">\n\t\t\t\t\t\t<div class=\"row no-gutters\">\n<div class=\"col-sm\">\n        <a class=\"d-flex w-100 p-4 media-background-container text-inverse hover-text-inverse text-decoration-none\" style=\"height: 225px;\" href=\"advising\/\"><br \/>\n          <img decoding=\"async\" data-src=\"https:\/\/cah.ucf.edu\/history\/wp-content\/uploads\/sites\/30\/2021\/09\/rolloverblock-advising.jpg\" class=\"media-background object-fit-cover filter-sepia hover-filter-none lazyload\" src=\"data:image\/gif;base64,R0lGODlhAQABAAAAACH5BAEKAAEALAAAAAABAAEAAAICTAEAOw==\"><noscript><img decoding=\"async\" src=\"https:\/\/cah.ucf.edu\/history\/wp-content\/uploads\/sites\/30\/2021\/09\/rolloverblock-advising.jpg\" class=\"media-background object-fit-cover filter-sepia hover-filter-none\"><\/noscript><br \/>\n          <span class=\"pointer-events-none align-self-end h4 font-condensed text-uppercase\">Advising<\/span><br \/>\n        <\/a>\n      <\/div>\n<div class=\"col-sm\">\n        <a class=\"d-flex w-100 p-4 media-background-container text-inverse hover-text-inverse text-decoration-none\" style=\"height: 225px;\" href=\"\/history\/academics\/undergraduate-programs\/\"><br \/>\n          <img decoding=\"async\" data-src=\"https:\/\/cah.ucf.edu\/history\/wp-content\/uploads\/sites\/30\/2021\/09\/rolloverblock-undergraduate.jpg\" class=\"media-background object-fit-cover filter-sepia hover-filter-none lazyload\" src=\"data:image\/gif;base64,R0lGODlhAQABAAAAACH5BAEKAAEALAAAAAABAAEAAAICTAEAOw==\"><noscript><img decoding=\"async\" src=\"https:\/\/cah.ucf.edu\/history\/wp-content\/uploads\/sites\/30\/2021\/09\/rolloverblock-undergraduate.jpg\" class=\"media-background object-fit-cover filter-sepia hover-filter-none\"><\/noscript><br \/>\n          <span class=\"pointer-events-none align-self-end h4 font-condensed text-uppercase\">Undergraduate<\/span><br \/>\n        <\/a>\n      <\/div>\n<div class=\"col-sm\">\n        <a class=\"d-flex w-100 p-4 media-background-container text-inverse hover-text-inverse text-decoration-none\" style=\"height: 225px;\" href=\"\/history\/academics\/graduate-programs\/\"><br \/>\n          <img decoding=\"async\" data-src=\"https:\/\/cah.ucf.edu\/history\/wp-content\/uploads\/sites\/30\/2021\/09\/rolloverblock-graduate.jpg\" class=\"media-background object-fit-cover filter-sepia hover-filter-none lazyload\" src=\"data:image\/gif;base64,R0lGODlhAQABAAAAACH5BAEKAAEALAAAAAABAAEAAAICTAEAOw==\"><noscript><img decoding=\"async\" src=\"https:\/\/cah.ucf.edu\/history\/wp-content\/uploads\/sites\/30\/2021\/09\/rolloverblock-graduate.jpg\" class=\"media-background object-fit-cover filter-sepia hover-filter-none\"><\/noscript><br \/>\n          <span class=\"pointer-events-none align-self-end h4 font-condensed text-uppercase\">Graduate<\/span><br \/>\n        <\/a>\n      <\/div>\n<div class=\"col-sm\">\n        <a class=\"d-flex w-100 p-4 media-background-container text-inverse hover-text-inverse text-decoration-none\" style=\"height: 225px;\" href=\"academics\/academics\/undergraduate-programs\/#minors\"><br \/>\n          <img decoding=\"async\" data-src=\"https:\/\/cah.ucf.edu\/history\/wp-content\/uploads\/sites\/30\/2021\/09\/rolloverblock-minors.jpg\" class=\"media-background object-fit-cover filter-sepia hover-filter-none lazyload\" src=\"data:image\/gif;base64,R0lGODlhAQABAAAAACH5BAEKAAEALAAAAAABAAEAAAICTAEAOw==\"><noscript><img decoding=\"async\" src=\"https:\/\/cah.ucf.edu\/history\/wp-content\/uploads\/sites\/30\/2021\/09\/rolloverblock-minors.jpg\" class=\"media-background object-fit-cover filter-sepia hover-filter-none\"><\/noscript><br \/>\n          <span class=\"pointer-events-none align-self-end h4 font-condensed text-uppercase\">Minors &amp; Interdisciplinary Concentrations<\/span><br \/>\n        <\/a>\n      <\/div>\n<\/div>\n<div class=\"row no-gutters pb-4\">\n<div class=\"col-sm\">\n        <a class=\"d-flex w-100 p-4 media-background-container text-inverse hover-text-inverse text-decoration-none\" style=\"height: 225px;\" href=\"https:\/\/publichistory.cah.ucf.edu\/\"><br \/>\n          <img decoding=\"async\" data-src=\"https:\/\/cah.ucf.edu\/history\/wp-content\/uploads\/sites\/30\/2021\/09\/rolloverblock-publichistory.jpg\" class=\"media-background object-fit-cover filter-sepia hover-filter-none lazyload\" src=\"data:image\/gif;base64,R0lGODlhAQABAAAAACH5BAEKAAEALAAAAAABAAEAAAICTAEAOw==\"><noscript><img decoding=\"async\" src=\"https:\/\/cah.ucf.edu\/history\/wp-content\/uploads\/sites\/30\/2021\/09\/rolloverblock-publichistory.jpg\" class=\"media-background object-fit-cover filter-sepia hover-filter-none\"><\/noscript><br \/>\n          <span class=\"pointer-events-none align-self-end h4 font-condensed text-uppercase\">Public History<\/span><br \/>\n        <\/a>\n      <\/div>\n<div class=\"col-sm\">\n        <a class=\"d-flex w-100 p-4 media-background-container text-inverse hover-text-inverse text-decoration-none\" style=\"height: 225px;\" href=\"https:\/\/cah.ucf.edu\/history\/publications\/\"><br \/>\n          <img decoding=\"async\" data-src=\"https:\/\/cah.ucf.edu\/history\/wp-content\/uploads\/sites\/30\/2021\/09\/rolloverblock-research.jpg\" class=\"media-background object-fit-cover filter-sepia hover-filter-none lazyload\" src=\"data:image\/gif;base64,R0lGODlhAQABAAAAACH5BAEKAAEALAAAAAABAAEAAAICTAEAOw==\"><noscript><img decoding=\"async\" src=\"https:\/\/cah.ucf.edu\/history\/wp-content\/uploads\/sites\/30\/2021\/09\/rolloverblock-research.jpg\" class=\"media-background object-fit-cover filter-sepia hover-filter-none\"><\/noscript><br \/>\n          <span class=\"pointer-events-none align-self-end h4 font-condensed text-uppercase\">Featured Research<\/span><br \/>\n        <\/a>\n      <\/div>\n<div class=\"col-sm\">\n        <a class=\"d-flex w-100 p-4 media-background-container text-inverse hover-text-inverse text-decoration-none\" style=\"height: 225px;\" href=\"https:\/\/cah.ucf.edu\/publichistory\/internships\/\" target=\"_blank\" rel=\"noopener\"><br \/>\n          <img decoding=\"async\" data-src=\"https:\/\/cah.ucf.edu\/history\/wp-content\/uploads\/sites\/30\/2021\/09\/rolloverblock-engagement.jpg\" class=\"media-background object-fit-cover filter-sepia hover-filter-none lazyload\" src=\"data:image\/gif;base64,R0lGODlhAQABAAAAACH5BAEKAAEALAAAAAABAAEAAAICTAEAOw==\"><noscript><img decoding=\"async\" src=\"https:\/\/cah.ucf.edu\/history\/wp-content\/uploads\/sites\/30\/2021\/09\/rolloverblock-engagement.jpg\" class=\"media-background object-fit-cover filter-sepia hover-filter-none\"><\/noscript><br \/>\n          <span class=\"pointer-events-none align-self-end h4 font-condensed text-uppercase\">Internships<\/span><br \/>\n        <\/a>\n      <\/div>\n<div class=\"col-sm\">\n        <a class=\"d-flex w-100 p-4 media-background-container text-inverse hover-text-inverse text-decoration-none\" style=\"height: 225px;\" href=\"https:\/\/publichistory.cah.ucf.edu\/initiatives\/\"><br \/>\n          <img decoding=\"async\" data-src=\"https:\/\/cah.ucf.edu\/history\/wp-content\/uploads\/sites\/30\/2021\/09\/rolloverblock-community.jpg\" class=\"media-background object-fit-cover filter-sepia hover-filter-none lazyload\" src=\"data:image\/gif;base64,R0lGODlhAQABAAAAACH5BAEKAAEALAAAAAABAAEAAAICTAEAOw==\"><noscript><img decoding=\"async\" src=\"https:\/\/cah.ucf.edu\/history\/wp-content\/uploads\/sites\/30\/2021\/09\/rolloverblock-community.jpg\" class=\"media-background object-fit-cover filter-sepia hover-filter-none\"><\/noscript><br \/>\n          <span class=\"pointer-events-none align-self-end h4 font-condensed text-uppercase\">Community Projects<\/span><br \/>\n        <\/a>\n      <\/div>\n<\/div>\n\t\t\t\t\t<\/section>\n\t\t\n\t\t<section id=\"news\" class=\"ucf-section ucf-section-home-news auto-section\" style=\"\" data-section-link-title=\"News\" aria-label=\"News\">\n\t\t\t\t\t\t\t\t\t<div class=\"jumbotron bg-secondary pb-5 mb-0\"\n\t\t\t\t\t\t\t\t\t>\n\t\t\t\t\n\t\t\t<div class=\"container\"\n\t\t\t\t\t\t>\n\t\t\t\t\n        <input type=\"hidden\" id=\"cah-news-vue-options\" value=\"{&quot;dept&quot;:[8],&quot;limit&quot;:-1,&quot;per_page&quot;:4,&quot;view&quot;:&quot;preview&quot;,&quot;cat&quot;:[],&quot;exclude&quot;:[],&quot;section_title&quot;:&quot;In the News&quot;,&quot;section_title_classes&quot;:&quot;display-4 heading-underline text-transform-none mb-4&quot;,&quot;button_text&quot;:&quot;More News&quot;,&quot;button_classes&quot;:&quot;&quot;,&quot;button_href&quot;:&quot;https:\\\/\\\/cah.ucf.edu\\\/history\\\/newsroom&quot;,&quot;new_tab&quot;:false,&quot;tags&quot;:&quot;&quot;}\">\n        <div id=\"cah-news-app\"><\/div>\n        <br \/>\n\t\t\t<\/div>\n\t\t\n\t\t\t<\/div>\n\t\t\n\t\t\t\t\t<\/section>\n\t\t\n\t\t\t<div class=\"jumbotron bg-faded my-0\"\n\t\t\t\t\t\t\t\t\t>\n\t\t\t\t\n\t\t\t<div class=\"container\"\n\t\t\t\t\t\t>\n\t\t\t\t\n\t\t<section id=\"recent-publications\" class=\"ucf-section ucf-section-recent-publications \" style=\"\" data-section-link-title=\"Recent Publications\" aria-label=\"Recent Publications\">\n\t\t\t\t\t\t\t\t\t<div class=\"container\"\n\t\t\t\t\t\t>\n\t\t\t\t\n            <h2>Faculty Bookshelf<\/h2>\r\n            <div class=\"row\">\r\n                                                        <div class=\"media pb-2 col-12\">\r\n                                            <div class=\"media-body\">\r\n                            <h5><a href=\"https:\/\/cah.ucf.edu\/people\/Duncan-Hardy\">Duncan Hardy<\/a><\/h5>\r\n                            <p>\r\n                                                        \r\n<i><a target=\"_blank\" rel=\"nofollow\" href=\"https:\/\/manchesteruniversitypress.co.uk\/9781526165893\/\">Law, Society and Political Culture in Late Medieval and Reformation Germany<\/a><\/i>, Manchester Medieval Sources (Manchester: Manchester University Press, 2025).                            <\/p>\r\n                        <\/div>\r\n                    <\/div>\r\n                                                        <div class=\"media pb-2 col-12\">\r\n                                            <div class=\"media-body\">\r\n                            <h5><a href=\"https:\/\/cah.ucf.edu\/people\/Wayne-Bowen\">Wayne H. Bowen<\/a><\/h5>\r\n                            <p>\r\n                                                            <em>Forthcoming<\/em> \r\n                                                        \r\n<em>Working for Nazi Germany: Salvador Merino and Spanish Labor in the Third Reich<\/em> (Routledge, 2025).                            <\/p>\r\n                        <\/div>\r\n                    <\/div>\r\n                                                        <div class=\"media pb-2 col-12\">\r\n                                            <div class=\"media-body\">\r\n                            <h5><a href=\"https:\/\/cah.ucf.edu\/people\/Robert-Cassanello\">Robert Cassanello<\/a><\/h5>\r\n                            <p>\r\n                                                        \r\n<i><a target=\"_blank\" rel=\"nofollow\" href=\"https:\/\/upf.com\/book.asp?id=9780813079370\">Crafting Constitutions in Florida, 1810\u20131968<\/a><\/i>, ed. Gainesville, University Press of Florida, 2025                            <\/p>\r\n                        <\/div>\r\n                    <\/div>\r\n                                                        <div class=\"media pb-2 col-12\">\r\n                                            <div class=\"media-body\">\r\n                            <h5><a href=\"https:\/\/cah.ucf.edu\/people\/Tiffany-Earley-Spadoni\">Tiffany Earley-Spadoni<\/a><\/h5>\r\n                            <p>\r\n                                                        \r\nEarley-Spadoni, T<span>. (2025).\u00a0<i>Landscapes\nof Warfare: Urartu and Assyria in the Ancient Middle East<\/i>. University Press\nof Colorado.\u00a0<\/span>                            <\/p>\r\n                        <\/div>\r\n                    <\/div>\r\n                                                        <div class=\"media pb-2 col-12\">\r\n                                            <div class=\"media-body\">\r\n                            <h5><a href=\"https:\/\/cah.ucf.edu\/people\/Hakan-\u00d6zo\u011flu\">Hakan \u00d6zo\u011flu<\/a><\/h5>\r\n                            <p>\r\n                                                        \r\n<i>Cumhuriyet\u2019in Kurulu\u015f Sava\u015flar\u0131<\/i>. Istanbul: Yapi Kredi Yayinlari, 2023. Second edition 2025.                            <\/p>\r\n                        <\/div>\r\n                    <\/div>\r\n                            <\/div>\r\n            <a href=\"https:\/\/cah.ucf.edu\/history\/publications\" class=\"btn btn-primary\">View More<\/a>\r\n            <br \/>\n\t\t\t<\/div>\n\t\t\n\t\t\t\t\t<\/section>\n\t\t\n\t\t\t<\/div>\n\t\t\n\t\t\t<\/div>\n\t\t\n","protected":false},"excerpt":{"rendered":"","protected":false},"author":70,"featured_media":0,"parent":0,"menu_order":0,"comment_status":"closed","ping_status":"closed","template":"template-fullscreen.php","meta":{"_acf_changed":false,"om_disable_all_campaigns":false,"_exactmetrics_skip_tracking":false,"_exactmetrics_sitenote_active":false,"_exactmetrics_sitenote_note":"","_exactmetrics_sitenote_category":0,"footnotes":""},"categories":[],"tags":[],"class_list":["post-103","page","type-page","status-publish","hentry"],"acf":[],"yoast_head":"<!-- This site is optimized with the Yoast SEO plugin v27.3 - https:\/\/yoast.com\/product\/yoast-seo-wordpress\/ -->\n<title>Department of History - Department of History<\/title>\n<meta name=\"description\" content=\"Based in Orlando, UCF&#039;s History Department offers a diverse range of historical studies and research opportunities.\" \/>\n<meta name=\"robots\" content=\"index, follow, max-snippet:-1, max-image-preview:large, max-video-preview:-1\" \/>\n<link rel=\"canonical\" href=\"https:\/\/cah.ucf.edu\/history\/\" \/>\n<meta property=\"og:locale\" content=\"en_US\" \/>\n<meta property=\"og:type\" content=\"article\" \/>\n<meta property=\"og:title\" content=\"Department of History - Department of History\" \/>\n<meta property=\"og:description\" content=\"Based in Orlando, UCF&#039;s History Department offers a diverse range of historical studies and research opportunities.\" \/>\n<meta property=\"og:url\" content=\"https:\/\/cah.ucf.edu\/history\/\" \/>\n<meta property=\"og:site_name\" content=\"Department of History\" \/>\n<meta property=\"article:modified_time\" content=\"2026-01-05T16:08:33+00:00\" \/>\n<meta name=\"twitter:card\" content=\"summary_large_image\" \/>\n<meta name=\"twitter:label1\" content=\"Est. reading time\" \/>\n\t<meta name=\"twitter:data1\" content=\"1 minute\" \/>\n<script type=\"application\/ld+json\" class=\"yoast-schema-graph\">{\"@context\":\"https:\\\/\\\/schema.org\",\"@graph\":[{\"@type\":\"WebPage\",\"@id\":\"https:\\\/\\\/cah.ucf.edu\\\/history\\\/\",\"url\":\"https:\\\/\\\/cah.ucf.edu\\\/history\\\/\",\"name\":\"Department of History - Department of History\",\"isPartOf\":{\"@id\":\"https:\\\/\\\/cah.ucf.edu\\\/history\\\/#website\"},\"datePublished\":\"2020-05-06T19:14:09+00:00\",\"dateModified\":\"2026-01-05T16:08:33+00:00\",\"description\":\"Based in Orlando, UCF's History Department offers a diverse range of historical studies and research opportunities.\",\"breadcrumb\":{\"@id\":\"https:\\\/\\\/cah.ucf.edu\\\/history\\\/#breadcrumb\"},\"inLanguage\":\"en-US\",\"potentialAction\":[{\"@type\":\"ReadAction\",\"target\":[\"https:\\\/\\\/cah.ucf.edu\\\/history\\\/\"]}]},{\"@type\":\"BreadcrumbList\",\"@id\":\"https:\\\/\\\/cah.ucf.edu\\\/history\\\/#breadcrumb\",\"itemListElement\":[{\"@type\":\"ListItem\",\"position\":1,\"name\":\"Home\",\"item\":\"https:\\\/\\\/cah.ucf.edu\\\/history\\\/\"},{\"@type\":\"ListItem\",\"position\":2,\"name\":\"Department of History\"}]},{\"@type\":\"WebSite\",\"@id\":\"https:\\\/\\\/cah.ucf.edu\\\/history\\\/#website\",\"url\":\"https:\\\/\\\/cah.ucf.edu\\\/history\\\/\",\"name\":\"Department of History\",\"description\":\"History Department at the University of Central Florida\",\"potentialAction\":[{\"@type\":\"SearchAction\",\"target\":{\"@type\":\"EntryPoint\",\"urlTemplate\":\"https:\\\/\\\/cah.ucf.edu\\\/history\\\/?s={search_term_string}\"},\"query-input\":{\"@type\":\"PropertyValueSpecification\",\"valueRequired\":true,\"valueName\":\"search_term_string\"}}],\"inLanguage\":\"en-US\"}]}<\/script>\n<!-- \/ Yoast SEO plugin. -->","yoast_head_json":{"title":"Department of History - Department of History","description":"Based in Orlando, UCF's History Department offers a diverse range of historical studies and research opportunities.","robots":{"index":"index","follow":"follow","max-snippet":"max-snippet:-1","max-image-preview":"max-image-preview:large","max-video-preview":"max-video-preview:-1"},"canonical":"https:\/\/cah.ucf.edu\/history\/","og_locale":"en_US","og_type":"article","og_title":"Department of History - Department of History","og_description":"Based in Orlando, UCF's History Department offers a diverse range of historical studies and research opportunities.","og_url":"https:\/\/cah.ucf.edu\/history\/","og_site_name":"Department of History","article_modified_time":"2026-01-05T16:08:33+00:00","twitter_card":"summary_large_image","twitter_misc":{"Est. reading time":"1 minute"},"schema":{"@context":"https:\/\/schema.org","@graph":[{"@type":"WebPage","@id":"https:\/\/cah.ucf.edu\/history\/","url":"https:\/\/cah.ucf.edu\/history\/","name":"Department of History - Department of History","isPartOf":{"@id":"https:\/\/cah.ucf.edu\/history\/#website"},"datePublished":"2020-05-06T19:14:09+00:00","dateModified":"2026-01-05T16:08:33+00:00","description":"Based in Orlando, UCF's History Department offers a diverse range of historical studies and research opportunities.","breadcrumb":{"@id":"https:\/\/cah.ucf.edu\/history\/#breadcrumb"},"inLanguage":"en-US","potentialAction":[{"@type":"ReadAction","target":["https:\/\/cah.ucf.edu\/history\/"]}]},{"@type":"BreadcrumbList","@id":"https:\/\/cah.ucf.edu\/history\/#breadcrumb","itemListElement":[{"@type":"ListItem","position":1,"name":"Home","item":"https:\/\/cah.ucf.edu\/history\/"},{"@type":"ListItem","position":2,"name":"Department of History"}]},{"@type":"WebSite","@id":"https:\/\/cah.ucf.edu\/history\/#website","url":"https:\/\/cah.ucf.edu\/history\/","name":"Department of History","description":"History Department at the University of Central Florida","potentialAction":[{"@type":"SearchAction","target":{"@type":"EntryPoint","urlTemplate":"https:\/\/cah.ucf.edu\/history\/?s={search_term_string}"},"query-input":{"@type":"PropertyValueSpecification","valueRequired":true,"valueName":"search_term_string"}}],"inLanguage":"en-US"}]}},"_links":{"self":[{"href":"https:\/\/cah.ucf.edu\/history\/wp-json\/wp\/v2\/pages\/103","targetHints":{"allow":["GET"]}}],"collection":[{"href":"https:\/\/cah.ucf.edu\/history\/wp-json\/wp\/v2\/pages"}],"about":[{"href":"https:\/\/cah.ucf.edu\/history\/wp-json\/wp\/v2\/types\/page"}],"author":[{"embeddable":true,"href":"https:\/\/cah.ucf.edu\/history\/wp-json\/wp\/v2\/users\/70"}],"replies":[{"embeddable":true,"href":"https:\/\/cah.ucf.edu\/history\/wp-json\/wp\/v2\/comments?post=103"}],"version-history":[{"count":33,"href":"https:\/\/cah.ucf.edu\/history\/wp-json\/wp\/v2\/pages\/103\/revisions"}],"predecessor-version":[{"id":1697,"href":"https:\/\/cah.ucf.edu\/history\/wp-json\/wp\/v2\/pages\/103\/revisions\/1697"}],"wp:attachment":[{"href":"https:\/\/cah.ucf.edu\/history\/wp-json\/wp\/v2\/media?parent=103"}],"wp:term":[{"taxonomy":"category","embeddable":true,"href":"https:\/\/cah.ucf.edu\/history\/wp-json\/wp\/v2\/categories?post=103"},{"taxonomy":"post_tag","embeddable":true,"href":"https:\/\/cah.ucf.edu\/history\/wp-json\/wp\/v2\/tags?post=103"}],"curies":[{"name":"wp","href":"https:\/\/api.w.org\/{rel}","templated":true}]}}