{"id":5,"date":"2015-07-14T19:34:53","date_gmt":"2015-07-14T19:34:53","guid":{"rendered":"https:\/\/cahcms.smca.ucf.edu\/bigread\/?page_id=5"},"modified":"2023-09-08T20:57:58","modified_gmt":"2023-09-08T20:57:58","slug":"big-read-2020","status":"publish","type":"page","link":"https:\/\/cah.ucf.edu\/bigread\/big-read-2020\/","title":{"rendered":"Big Read 2020"},"content":{"rendered":"\t\t\t<div class=\"jumbotron jumbotron-fluid bg-secondary pb-0\"\n\t\t\t\t\t\t\t\t\t>\n\t\t\t\t\n\t\t\t<div class=\"container\"\n\t\t\t\t\t\t>\n\t\t\t\t\n<p class=\"text-center mb-4 h2 font-condensed\">NEA Big Read: Central Florida \u2022 April 1 &#8211; May 1, 2020<\/p>\n<p class=\"lead font-slab-serif font-weight-light\">A program of the National Endowment for the Arts, the NEA Big Read: Central Florida broadens our understanding of our world, our communities, and ourselves through the joy of sharing a good book. This year the NEA Big Read: Central Florida is pleased to partner with the University of Central Florida&#8217;s <a href=\"https:\/\/vlp.cah.ucf.edu\/\" target=\"_blank\" rel=\"noopener\">Veterans Legacy Program<\/a> to celebrate <em>The Things They Carried<\/em> by Tim O&#8217;Brien.<\/p>\n\t\t\t<\/div>\n\t\t\n\t\t\t<\/div>\n\t\t\n\t\t\t<div class=\"jumbotron jumbotron-fluid bg-primary mb-3 mt-0 pt-4 pb-3\"\n\t\t\t\t\t\t\t\t\t>\n\t\t\t\t\n\t\t\t<div class=\"container\"\n\t\t\t\t\t\t>\n\t\t\t\t\n<p class=\"lead\"><em>NEA Big Read is a program of the National Endowment for the Arts in partnership with Arts Midwest. NEA Big Read is designed to revitalize the role of literature in American culture and to encourage citizens to read for pleasure and enlightenment.<\/em><\/p>\n\t\t\t<\/div>\n\t\t\n\t\t\t<\/div>\n\t\t\n\t\t\t<div class=\"jumbotron jumbotron-fluid bg-secondary mb-0 mt-0 pt-4 pb-3\"\n\t\t\tid=\"events\"\t\t\t\t\t\t>\n\t\t\t\t\n\t\t\t<div class=\"container\"\n\t\t\t\t\t\t>\n\t\t\t\t\n<div class=\"row\">\n<div class=\"col-md-6 \">\n<p class=\"text-center mb-2 h2 font-condensed text-uppercase\"><em>The Place That Made You<\/em><\/p>\n<p class=\"text-center mb-3 h4\">by Darcy Parker Bruce<br \/>\nStaged Reading \u2022 Tuesday, April 21<\/p>\n<p class=\"mb-2\"><a href=\"https:\/\/youtu.be\/Zm8UP0oYZLQ\" target=\"_blank\" rel=\"noopener\"><span class=\"badge badge-danger text-white\">Watch on YouTube<\/span>\u00a0https:\/\/youtu.be\/Zm8UP0oYZLQ<\/a><\/p>\n<p>Experience this staged reading by a graduate theatre course. In the aftermath of a tragedy, Jonah attempts to reunite with his best friend, Ben returns to her childhood home, and a giant white whale haunts the coastline of a sleepy Connecticut town. A modern day re-imagining of Jonah and the Whale\u2014a tale of love, loss, and glory in small town America. The first Piedmont play.<\/p>\n<\/div>\n<div class=\"col-md-6\">\n<p class=\"text-center mb-4 h3 font-condensed\">Veterans Project Showcase<\/p>\n<p>Check out projects created by the <a href=\"https:\/\/vlp.cah.ucf.edu\/\" target=\"_blank\" rel=\"noopener\">UCF Veterans Legacy Program<\/a>, <a href=\"https:\/\/riches.cah.ucf.edu\/veterans\/\" target=\"_blank\" rel=\"noopener\">UCF Community Veterans History Project<\/a> and <a href=\"https:\/\/www.ucfrestores.org\/\" target=\"_blank\" rel=\"noopener\">UCF RESTORES\u00ae<\/a>. The Veterans Legacy Program is a partnership with the Department of Veterans Affairs\u2019 National Cemetery Administration to extend the memorialization of veterans and learn about U.S. history through student-led research about veterans buried in our national cemeteries.<\/p>\n<\/div>\n<\/div>\n<hr class=\"mt-3 mb-4\" \/>\n<p class=\"text-center mb-4 h2 font-condensed\">Artists and Scholars Respond to\u00a0War<\/p>\n<p>Roughly 160 million people have been killed in wars over the past 120 years, making the twentieth century the bloodiest hundred years in human history. In response, artists have created work that both supports and critiques war and collectively their work frames society\u2019s understanding of war. As Judith Butler argues in\u00a0<i>Frames of War: When is Life Grievable<\/i>, \u201cThe frames through which we apprehend or, indeed, fail to apprehend the lives of others as lost or injured (lose-able or injurable) are politically saturated. They are themselves operations of power\u201d (2009). These operations of power increasingly shift the burden of war onto civilians. Whereas only 5% of those who died in the first World War were civilians; 67% of those who died in the Vietnam War were civilians, and today it is estimated that 80-90% of those affected by war are not associated with the military (Eric Hobsbawn, \u201cWar and Peace,\u201d 2002).\u00a0Technology impacts our engagement with and understanding of these losses, as the daily news cycle floods our screens and saturates our living rooms with images of \u201csurgical strikes\u201d and \u201ccounter-insurgencies.\u201d These representations of power prompt us to question the nature of war, the limits of our sympathies, and the obligations of our consciences, but the ubiquity of war and its attendant imagery often inculcates apathy rather than offering an antidote to mass destruction.<\/p>\n<div class=\"lead font-serif p-3 mb-5 bg-primary-lighter\"><i>Can art adequately respond to war? How do artists represent the unrepresentable?\u00a0Join us for a series of virtual talks that seeks to answer these questions.<\/i><\/div>\n\t\t\t<div class=\"row\"\n\t\t\t\t\t\t>\n\t\t\t\t\n<div class=\"col-2-lg col-3-md\"><img decoding=\"async\" class=\"pull-left alignnone wp-image-1300 size-thumbnail img-fluid\" src=\"\/wp-content\/uploads\/sites\/8\/2020\/03\/headshot-haran-150x150.jpg\" alt=\"Kevin Haran\" height=\"&quot;150\" srcset=\"https:\/\/cah.ucf.edu\/bigread\/wp-content\/uploads\/sites\/8\/2020\/03\/headshot-haran-150x150.jpg 150w, https:\/\/cah.ucf.edu\/bigread\/wp-content\/uploads\/sites\/8\/2020\/03\/headshot-haran.jpg 300w\" sizes=\"(max-width: 150px) 100vw, 150px\" \/><\/div>\n<div class=\"col\">\n<h3>Kevin Haran <span class=\"h5 font-weight-normal\">\u2022 Thursday, April 2, noon-1 p.m. EDT<\/span><\/h3>\n<p class=\"mb-2\"><a href=\"https:\/\/youtu.be\/nMti3PQZv3A\" target=\"_blank\" rel=\"noopener\"><span class=\"badge badge-danger text-white\">Watch on YouTube<\/span>\u00a0\u00a0https:\/\/youtu.be\/nMti3PQZv3A<\/a><\/p>\n<p style=\"line-height: 1.25\"><small>Kevin Haran\u00a0is Associate Professor of Art and Jenkins Distinguished Scholar in Community Arts at the University of Central Florida. UCF. His work has been included in over seventy national and International juried exhibitions and is in the collections of the Army Art Collection in Washington, DC and the National World War II Museum in New Orleans, as well as the Columbus Museum, Edinburgh College of Art, and Cornell Fine Arts Museum.\u00a0<strong>Haran will discuss the process and meaning of his drawings, paintings and sculpture that comment on subject of war.<\/strong><\/small><\/p>\n<\/div>\n\t\t\t<\/div>\n\t\t\n<hr class=\"my-3\" \/>\n\t\t\t<div class=\"row\"\n\t\t\t\t\t\t>\n\t\t\t\t\n<div class=\"col-2-lg col-3-md\"><img decoding=\"async\" class=\"pull-left alignnone wp-image-1298 size-thumbnail img-fluid\" src=\"\/wp-content\/uploads\/sites\/8\/2020\/03\/headshot-yoshimoto-150x150.jpg\" alt=\"Jave Yoshimoto\" height=\"&quot;150\" srcset=\"https:\/\/cah.ucf.edu\/bigread\/wp-content\/uploads\/sites\/8\/2020\/03\/headshot-yoshimoto-150x150.jpg 150w, https:\/\/cah.ucf.edu\/bigread\/wp-content\/uploads\/sites\/8\/2020\/03\/headshot-yoshimoto.jpg 300w\" sizes=\"(max-width: 150px) 100vw, 150px\" \/><\/div>\n<div class=\"col\">\n<h3>Jave Yoshimoto <span class=\"h5 font-weight-normal\">\u2022 Thursday, April 9, 2 p.m.-3 p.m. EDT<\/span><\/h3>\n<p class=\"mb-2\"><a href=\"https:\/\/youtu.be\/MAHg1HpQ9bA\" target=\"_blank\" rel=\"noopener\"><span class=\"badge badge-danger text-white\">Watch on YouTube<\/span>\u00a0\u00a0https:\/\/youtu.be\/MAHg1HpQ9bA<\/a><\/p>\n<p style=\"line-height: 1.25\"><small>Jave Yoshimoto\u00a0is Foundations Coordinator and Assistant Professor of Art at the University of Nebraska at Omaha.\u00a0Yoshimoto has served as an artist-in-residence at Art Farm Nebraska, The Art Students&#8217; League of New York, Vermont Studio Center, Kimmel Harding Nelson Center for the arts, Jentel Foundation, Teton Artlab, and as a fellow at Union Center for Contemporary Art and Tulsa Artist Fellowship. Yoshimoto\u2019s laser-cut wood relief sculptures and monumental paintings address the \u201csocial amnesia of the information age\u201d and ask audiences to see themselves in the faces of those displaced by war and disaster.<\/small><\/p>\n<\/div>\n\t\t\t<\/div>\n\t\t\n<hr class=\"my-3\" \/>\n\t\t\t<div class=\"row\"\n\t\t\t\t\t\t>\n\t\t\t\t\n<div class=\"col-2-lg col-3-md\"><img decoding=\"async\" class=\"pull-left alignnone wp-image-1301 size-thumbnail img-fluid\" src=\"\/wp-content\/uploads\/sites\/8\/2020\/03\/headshot-cabanes-150x150.jpg\" alt=\"Bruno Cabanes\" height=\"&quot;150\" srcset=\"https:\/\/cah.ucf.edu\/bigread\/wp-content\/uploads\/sites\/8\/2020\/03\/headshot-cabanes-150x150.jpg 150w, https:\/\/cah.ucf.edu\/bigread\/wp-content\/uploads\/sites\/8\/2020\/03\/headshot-cabanes.jpg 300w\" sizes=\"(max-width: 150px) 100vw, 150px\" \/><\/div>\n<div class=\"col\">\n<h3>Bruno Cabanes <span class=\"h5 font-weight-normal\">\u2022 Thursday, April 16<\/span><\/h3>\n<p class=\"mb-2\"><a href=\"https:\/\/youtu.be\/ls4owUjWb2s\" target=\"_blank\" rel=\"noopener\"><span class=\"badge badge-danger text-white\">Watch on YouTube<\/span>\u00a0\u00a0https:\/\/youtu.be\/ls4owUjWb2s<\/a><\/p>\n<p style=\"line-height: 1.25\"><small>Bruno Cabanes\u00a0is the Donald G. &amp; Mary A. Dunn Chair in Modern Military History at The Ohio State University. He studied history at the Ecole normale sup\u00e9rieure, in Paris, and received his Ph.D., with distinction, from the Universit\u00e9 Paris I- Panth\u00e9on Sorbonne, and his Habilitation \u00e0 Diriger des Recherches, from the \u00c9cole des Hautes \u00c9tudes en Sciences Sociales.\u00a0Professor Cabanes is a historian of twentieth-century Europe, and more specifically, the social and cultural history of war. He is particularly interested in the period of transition that followed World War I. He has analyzed this topic from a variety of angles: the demobilization of combat troops, the traumatic impact of war on soldiers and civilians, a comparative study of the different post-war periods in the twentieth century, and, more recently, the environmental history of war and its aftermath.<\/small><\/p>\n<\/div>\n\t\t\t<\/div>\n\t\t\n<hr class=\"my-3\" \/>\n\t\t\t<div class=\"row\"\n\t\t\t\t\t\t>\n\t\t\t\t\n<div class=\"col-2-lg col-3-md\"><img decoding=\"async\" class=\"pull-left alignnone wp-image-1297 size-thumbnail img-fluid\" src=\"\/wp-content\/uploads\/sites\/8\/2020\/03\/headshot-bruce-150x150.jpg\" alt=\"Darcy Parker Bruce\" height=\"&quot;150\" srcset=\"https:\/\/cah.ucf.edu\/bigread\/wp-content\/uploads\/sites\/8\/2020\/03\/headshot-bruce-150x150.jpg 150w, https:\/\/cah.ucf.edu\/bigread\/wp-content\/uploads\/sites\/8\/2020\/03\/headshot-bruce.jpg 300w\" sizes=\"(max-width: 150px) 100vw, 150px\" \/><\/div>\n<div class=\"col\">\n<h3>Darcy Parker Bruce <span class=\"h5 font-weight-normal\">\u2022 Thursday, April 23, noon-1 p.m. EDT<\/span><\/h3>\n<p class=\"mb-2\"><a href=\"https:\/\/youtu.be\/v7EddXvwW-Y\" target=\"_blank\" rel=\"noopener\"><span class=\"badge badge-danger text-white\">Watch on YouTube<\/span>\u00a0\u00a0https:\/\/youtu.be\/v7EddXvwW-Y<\/a><\/p>\n<p style=\"line-height: 1.25\"><small>Darcy Parker Bruce\u00a0is a playwright and educator from New Haven, CT, and a graduate of the MFA Playwriting program at Smith College. They&#8217;re currently part of the faculty at several Connecticut Colleges, where they teach Playwriting and Theater Activism. Darcy was the recipient of a 2017 Tennessee Williams Scholarship through the Sewanee Writers&#8217; Conference, and was granted ATHE&#8217;s 2018 Judith Royer Award For Excellence in Theater, which brought new play SOLDIER POET to Boston.<\/small><\/p>\n<\/div>\n\t\t\t<\/div>\n\t\t\n<hr class=\"my-3\" \/>\n\t\t\t<div class=\"row\"\n\t\t\t\t\t\t>\n\t\t\t\t\n<div class=\"col-2-lg col-3-md\"><img decoding=\"async\" class=\"pull-left alignnone wp-image-1299 size-thumbnail img-fluid\" src=\"\/wp-content\/uploads\/sites\/8\/2020\/03\/headshot-sisavanh-150x150.jpg\" alt=\"Sisavanh Phouthavong\" height=\"&quot;150\" srcset=\"https:\/\/cah.ucf.edu\/bigread\/wp-content\/uploads\/sites\/8\/2020\/03\/headshot-sisavanh-150x150.jpg 150w, https:\/\/cah.ucf.edu\/bigread\/wp-content\/uploads\/sites\/8\/2020\/03\/headshot-sisavanh.jpg 300w\" sizes=\"(max-width: 150px) 100vw, 150px\" \/><\/div>\n<div class=\"col\">\n<h3>Sisavanh Phouthavong <span class=\"h5 font-weight-normal\">\u2022 Thursday, April 30, 2 p.m.-3 p.m EDT<\/span><\/h3>\n<p class=\"mb-2\"><a href=\"https:\/\/youtu.be\/k-aCTyqFWcs\" target=\"_blank\" rel=\"noopener\"><span class=\"badge badge-danger text-white\">Watch on YouTube<\/span>\u00a0\u00a0https:\/\/youtu.be\/k-aCTyqFWcs<\/a><\/p>\n<p><em>Unable to join in real time? A recording will be shared here afterward.<\/em><\/p>\n<p style=\"line-height: 1.25\"><small>Sisavanh Phouthavong is Professor of Painting in the Department of Art and Design at Middle Tennessee State University. Her work has been included in numerous international exhibitions and is in the permanent collection of the Hunter Museum of American Art in Chattanooga and the American Embassy in Paramaribo, Suriname. Phouthavong\u2019s work seeks to raise awareness of the history of the American bombing of Laos and to advocate for the clearance of unexploded bombs. From 1964 to 1973, the U.S. dropped more than two million tons of ordnance on Laos during 580,000 bombing missions <small>\u2014\u00a0<\/small>equal to a planeload of bombs every eight minutes, twenty-four-hours a day, for nine years\u00a0<small>\u2014\u00a0<\/small>making Laos the most heavily bombed country per capita in history.<\/small><\/p>\n<\/div>\n\t\t\t<\/div>\n\t\t\n\t\t\t<\/div>\n\t\t\n\t\t\t<\/div>\n\t\t\n\t\t\t<div class=\"jumbotron jumbotron-fluid media-background-container mb-0\"\n\t\t\t\t\t\t\t\t\t>\n\t\t\t\t\n<img decoding=\"async\" class=\"media-background object-fit-cover alignnone\" src=\"\/wp-content\/uploads\/sites\/8\/2019\/12\/bg-2020-march.jpg\" alt=\"Background image of soldiers marching in Vietnam\" \/><br \/>\n\t\t\t<div class=\"container\"\n\t\t\t\t\t\t>\n\t\t\t\t\n<div class=\"row mt-4 p-2 justify-content-end\">\n<div class=\"col-md-7\">\n<blockquote class=\"blockquote blockquote-reverse font-serif\">\n<p class=\"mb-0 text-white\">&#8220;They carried the sky. The whole atmosphere, they carried it, the humidity, the monsoons, the stink of fungus and decay, all of it, they carried gravity.&#8221;<\/p>\n<footer class=\"blockquote-footer h3 mt-3 text-white\">Tim O&#8217;Brien, <cite title=\"The Things They Carried\">The Things They Carried<\/cite><\/footer>\n<\/blockquote>\n<\/div>\n<\/div>\n\t\t\t<\/div>\n\t\t\n\t\t\t<\/div>\n\t\t\n\t\t\t<div class=\"jumbotron jumbotron-fluid bg-secondary my-0 py-5\"\n\t\t\tid=\"resources\"\t\t\t\t\t\t>\n\t\t\t\t\n\t\t\t<div class=\"container\"\n\t\t\t\t\t\t>\n\t\t\t\t\n<h2 class=\"heading-underline h1\">Reading Resources<\/h2>\n<p class=\"lead\"><i>Interested in hosting a virtual book club? Want to learn more about the book?<\/i><br \/>\nNEA Big Read provides author commentary, reading and teaching guides and more.<\/p>\n\t\t\t<a class=\"btn text-center btn-primary mx-auto\"\n\t\t\thref=\"https:\/\/www.arts.gov\/national-initiatives\/nea-big-read\/the-things-they-carried\"\t\t\t\t\t\ttarget=\"_blank\"\t\t\t\t\t\t\t\t\t\t\t\t>\n\t\t\t\tNEA Book Resources\t\t\t<\/a>\n\t\t\n\t\t\t<\/div>\n\t\t\n\t\t\t<\/div>\n\t\t\n","protected":false},"excerpt":{"rendered":"","protected":false},"author":4,"featured_media":0,"parent":0,"menu_order":0,"comment_status":"open","ping_status":"closed","template":"template-fullscreen.php","meta":{"_acf_changed":false,"_exactmetrics_skip_tracking":false,"_exactmetrics_sitenote_active":false,"_exactmetrics_sitenote_note":"","_exactmetrics_sitenote_category":0,"footnotes":""},"categories":[],"tags":[],"class_list":["post-5","page","type-page","status-publish","hentry"],"acf":[],"_links":{"self":[{"href":"https:\/\/cah.ucf.edu\/bigread\/wp-json\/wp\/v2\/pages\/5","targetHints":{"allow":["GET"]}}],"collection":[{"href":"https:\/\/cah.ucf.edu\/bigread\/wp-json\/wp\/v2\/pages"}],"about":[{"href":"https:\/\/cah.ucf.edu\/bigread\/wp-json\/wp\/v2\/types\/page"}],"author":[{"embeddable":true,"href":"https:\/\/cah.ucf.edu\/bigread\/wp-json\/wp\/v2\/users\/4"}],"replies":[{"embeddable":true,"href":"https:\/\/cah.ucf.edu\/bigread\/wp-json\/wp\/v2\/comments?post=5"}],"version-history":[{"count":286,"href":"https:\/\/cah.ucf.edu\/bigread\/wp-json\/wp\/v2\/pages\/5\/revisions"}],"predecessor-version":[{"id":1563,"href":"https:\/\/cah.ucf.edu\/bigread\/wp-json\/wp\/v2\/pages\/5\/revisions\/1563"}],"wp:attachment":[{"href":"https:\/\/cah.ucf.edu\/bigread\/wp-json\/wp\/v2\/media?parent=5"}],"wp:term":[{"taxonomy":"category","embeddable":true,"href":"https:\/\/cah.ucf.edu\/bigread\/wp-json\/wp\/v2\/categories?post=5"},{"taxonomy":"post_tag","embeddable":true,"href":"https:\/\/cah.ucf.edu\/bigread\/wp-json\/wp\/v2\/tags?post=5"}],"curies":[{"name":"wp","href":"https:\/\/api.w.org\/{rel}","templated":true}]}}